remainder when 306796 is divided by 1590.
1516
What is the remainder when 59584 is divided by 11898?
94
Calculate the remainder when 427951087 is divided by 21.
4
Calculate the remainder when 43550389 is divided by 48282.
25
What is the remainder when 185054 is divided by 12?
2
What is the remainder when 145483550 is divided by 35?
30
Calculate the remainder when 2305823 is divided by 2230.
3
Calculate the remainder when 588409 is divided by 84056.
17
What is the remainder when 159000 is divided by 3116?
84
Calculate the remainder when 111215 is divided by 37026.
137
Calculate the remainder when 120303558 is divided by 110.
78
What is the remainder when 1337327 is divided by 3154?
31
Calculate the remainder when 64169827 is divided by 4010614.
3
What is the remainder when 2476177 is divided by 115?
112
Calculate the remainder when 1259795 is divided by 62982.
155
What is the remainder when 19630 is divided by 17381?
2249
Calculate the remainder when 171254105 is divided by 5394.
5393
Calculate the remainder when 191995 is divided by 47987.
47
Calculate the remainder when 2126932 is divided by 2020.
1892
What is the remainder when 96591660 is divided by 27?
24
What is the remainder when 211245 is divided by 9577?
551
Calculate the remainder when 1049370 is divided by 11405.
110
Calculate the remainder when 531393 is divided by 132701.
589
Calculate the remainder when 68664385 is divided by 1187.
1183
Calculate the remainder when 1019061 is divided by 203805.
36
What is the remainder when 78422 is divided by 1088?
86
Calculate the remainder when 2279626 is divided by 323.
215
Calculate the remainder when 474120 is divided by 2165.
2150
Calculate the remainder when 1543261 is divided by 154325.
11
Calculate the remainder when 2761850 is divided by 191.
181
What is the remainder when 3672802 is divided by 611990?
862
What is the remainder when 11570 is divided by 1060?
970
Calculate the remainder when 166836001 is divided by 11122399.
16
Calculate the remainder when 202075 is divided by 1774.
1613
What is the remainder when 1663459 is divided by 104?
83
Calculate the remainder when 4618018 is divided by 74.
48
What is the remainder when 2910619 is divided by 538?
39
Calculate the remainder when 653153 is divided by 217675.
128
What is the remainder when 9769890 is divided by 3256622?
24
What is the remainder when 6618596 is divided by 9167?
22
What is the remainder when 1567764 is divided by 1014?
120
What is the remainder when 68583583 is divided by 9797654?
5
What is the remainder when 29806525 is divided by 64?
61
Calculate the remainder when 277634 is divided by 90547.
5993
What is the remainder when 610180 is divided by 428?
280
What is the remainder when 15413 is divided by 14586?
827
Calculate the remainder when 977697 is divided by 889.
686
What is the remainder when 1719425 is divided by 13433?
1
Calculate the remainder when 96526247 is divided by 1852.
7
What is the remainder when 10327201 is divided by 15?
1
Calculate the remainder when 2074623 is divided by 345768.
15
What is the remainder when 38284825 is divided by 400?
25
Calculate the remainder when 42896215 is divided by 250855.
10
Calculate the remainder when 215158 is divided by 215136.
22
Calculate the remainder when 56252898 is divided by 57.
54
Calculate the remainder when 170211622 is divided by 5.
2
Calculate the remainder when 211158 is divided by 1144.
662
Calculate the remainder when 25011241 is divided by 79.
78
Calculate the remainder when 461700 is divided by 948.
24
Calculate the remainder when 16876368 is divided by 19.
17
What is the remainder when 454169 is divided by 8?
1
What is the remainder when 3125720 is divided by 6?
2
What is the remainder when 523739 is divided by 58190?
29
What is the remainder when 1172336 is divided by 397?
392
What is the remainder when 169240360 is divided by 91?
16
What is the remainder when 350487 is divided by 10308?
15
What is the remainder when 2793640 is divided by 1443?
1435
Calculate the remainder when 126117 is divided by 1836.
1269
Calculate the remainder when 418571 is divided by 209250.
71
What is the remainder when 6384551 is divided by 255381?
26
What is the remainder when 31876 is divided by 7923?
184
Calculate the remainder when 5431678 is divided by 2715714.
250
What is the remainder when 136967 is divided by 11811?
7046
Calculate the remainder when 193672246 is divided by 264.
262
Calculate the remainder when 13157094 is divided by 17.
12
Calculate the remainder when 584472 is divided by 4516.
1908
What is the remainder when 80768 is divided by 40373?
22
What is the remainder when 88718494 is divided by 12?
10
Calculate the remainder when 4098374 is divided by 1024579.
58
What is the remainder when 66510 is divided by 33151?
208
What is the remainder when 997619 is divided by 9703?
7913
What is the remainder when 8696 is divided by 418?
336
Calculate the remainder when 199810 is divided by 39944.
90
What is the remainder when 198222558 is divided by 80?
78
What is the remainder when 16369 is divided by 16178?
191
Calculate the remainder when 20166 is divided by 18308.
1858
What is the remainder when 2877626 is divided by 7841?
7820
What is the remainder when 2138581 is divided by 216?
181
Calculate the remainder when 2691999 is divided by 3252.
2595
What is the remainder when 33364 is divided by 3050?
2864
Calculate the remainder when 141352501 is divided by 1229152.
21
What is the remainder when 396872795 is divided by 997?
993
What is the remainder when 19634 is divided by 213?
38
What is the remainder when 47421409 is divided by 239502?
13
What is the remainder when 5836996 is divided by 258?
4
What is the remainder when 45831 is divided by 6972?
3999
What is the remainder when 253933 is divided by 2540?
2473
What is the remainder when 1944505 is divided by 1447?
1184
Calculate the remainder when 105399 is divided by 26289.
243
What is the remainder when 2039393 is divided by 200?
193
What is the remainder when 167064 is divided by 83522?
20
What is the remainder when 628505 is divided by 124?
73
What is the remainder when 24134821 is divided by 18?
7
Calculate the remainder when 9881 is divided by 9545.
336
Calculate the remainder when 9512890 is divided by 1196.
1102
Calculate the remainder when 138702293 is divided by 41.
31
Calculate the remainder when 410136 is divided by 325.
311
Calculate the remainder when 1309766 is divided by 5282.
5112
Calculate the remainder when 3070880 is divided by 383859.
8
Calculate the remainder when 6137167 is divided by 473.
465
What is the remainder when 167332 is divided by 864?
580
What is the remainder when 87048750 is divided by 461?
425
What is the remainder when 178411 is divided by 299?
207
What is the remainder when 191628 is divided by 1359?
9
What is the remainder when 162986634 is divided by 13582218?
18
What is the remainder when 5844157 is divided by 5844153?
4
What is the remainder when 1517573 is divided by 3?
2
Calculate the remainder when 2490874 is divided by 1481.
1313
What is the remainder when 11031822 is divided by 165?
87
What is the remainder when 799494 is divided by 201?
117
What is the remainder when 10751980 is divided by 45?
40
Calculate the remainder when 379590 is divided by 2194.
28
What is the remainder when 531808366 is divided by 156?
154
What is the remainder when 925106 is divided by 57815?
66
Calculate the remainder when 202087154 is divided by 2807.
2803
Calculate the remainder when 298381 is divided by 24478.
4645
Calculate the remainder when 90349 is divided by 2279.
1468
What is the remainder when 4787362 is divided by 2629?
2582
What is the remainder when 63315 is divided by 63308?
7
Calculate the remainder when 81350 is divided by 34233.
12884
What is the remainder when 225650 is divided by 6268?
2
What is the remainder when 8667077 is divided by 104?
29
What is the remainder when 134174 is divided by 4772?
558
Calculate the remainder when 485817 is divided by 6.
3
What is the remainder when 29558077 is divided by 2965?
2957
What is the remainder when 28758061 is divided by 28139?
3
Calculate the remainder when 95502 is divided by 47.
45
What is the remainder when 166242 is divided by 28?
6
Calculate the remainder when 9368082 